6)?
-6
Let t(w) = 3*w + 3. Let i(j) = j**3 + j**2 + j + 4. Suppose 2*c - 4 = 2*g - 8, -4*g = 3*c + 20. Let x be i(g). Calculate t(x).
-3
Let o(h) be the second derivative of h**3/2 + 8*h**2 + 263*h - 1. Calculate o(-12).
-20
Let u(h) = h**2 - 13*h + 1. Let x be 1*12/20 - (-141)/15. Calculate u(x).
-29
Let h(j) = -7 - 4*j - 4*j + 8*j**2 - 2*j**2 + 0 + j**3 + 2. Determine h(-8).
-69
Suppose -4*i = 3*k - 10, -3*i - 5*k + 2 + 11 = 0. Let v(o) = -5*o**3 - 1. Give v(i).
-6
Let z(n) = 2*n. Let i(v) = -5*v + 71. Let d be i(15). What is z(d)?
-8
Let v be ((-8)/10)/((-30)/1575). Let b be ((-9)/18)/(3/v). Let d(g) = -g**2 - 7*g - 10. What is d(b)?
-10
Let q(h) = -3*h**3 - 1 - 4*h**3 + h**2 - 8*h**3 + 4*h**3. Suppose -5 = -14*g + 9*g. Determine q(g).
-11
Let l(k) = -k**3 - 2*k**2 + 4*k. Let p(h) = -7*h - 4. Let w be p(-1). Suppose -2*d - w - 3 = 0. Determine l(d).
-3
Let d(o) be the second derivative of 0*o**3 + 0*o**2 + 0 + 7*o - 1/6*o**4 + 1/20*o**5. Let f be 12/5 - (-8)/(-20). Calculate d(f).
0
Let y(v) = 3 + 5*v - 2 + 0 + v**2. Suppose o - 11 = -7. Suppose -17 = 3*c + c - g, -o*g + 8 = -c. Calculate y(c).
-3
Let z(a) = 1353*a**3 + 11*a**2 - 2705*a**3 + 1351*a**3 + 13. Give z(11).
13
Let c = 172 - 173. Let n(j) = 15*j**2 - 1. Give n(c).
14
Let t(o) = -21387 + 21387 + 6*o**2 + o. Calculate t(2).
26
Let h(y) = -2*y**2 - 8*y - 17. Let z(b) = -b**2 - 4*b - 9. Let q(s) = 3*h(s) - 5*z(s). Let u be q(-4). Let k(r) = -6*r**2 + 3 + 0 - r**3 + 3 + 3*r. Give k(u).
-12
Let o(a) = 3*a - 5. Let i be o(3). Let c(y) = -8*y**2 - 160*y + 152*y - i + 0*y**2 - y**3. Determine c(-7).
3
Let t(p) = 1 - 3*p**3 + 11 - 1017*p**2 + 1011*p**2 + 4*p + 4*p**3. Give t(5).
7
Let c(n) = n**3 - 6*n**2 + n - 3. Let q be (-6)/4 + 3/(48/440). Suppose 0 = 3*l - 3*i - 30, -5*l - 3*i + q = -2*i. Determine c(l).
3
Let y be (0/(-2))/(15/5). Let n(x) = x**2 - 8*x + 1 + 10 + y. Give n(8).
11
Suppose -15 = 4*a + 1. Let o be 2/4 + (-10)/a. Let d(h) = -h**o + 1 + 13*h + 2*h**3 - 15*h. Give d(1).
0
Let v(j) = -j**2 - 5*j + 30. Suppose -3*d + 2*c - 41 = -17, 4*c = -3*d - 24. Calculate v(d).
6
Let a(k) be the second derivative of -k**5/20 + k**4/6 + k**3/6 + 3*k**2/2 - 329*k. Determine a(3).
-3
Let z(s) = -s**2 + s. Suppose 0 = 2*j - 5*p - 29, 3*p + 2*p + 17 = -4*j. Let i be 1/(-3)*-3*j. Give z(i).
-2
Let s(x) be the second derivative of -x**4/12 + 2*x**3/3 + 3*x**2 - x. Let d = 36 - 27. Let u(y) = -y**2 + 8*y + 14. Let q be u(d). Determine s(q).
1
Let w(a) = a**2 - 13*a + 4. Let g be w(13). Let h(p) = 10 - 5 - p - g. Determine h(7).
-6
Let h be 196/(-8) + (-3)/6. Let d = h - -30. Let f(y) = -1 - y**2 + 0 + d - 3. What is f(-1)?
0
Let d(g) = -4*g**2 + 2*g - 3. Suppose -5*v - 3*y = 4, -7*y - 19 = -4*v - 2*y. What is d(v)?
-5
Let l(b) = -6*b + 1. Let q(k) = -k**2 - 9*k - 18. Let f be q(-4). What is l(f)?
-11
Suppose 0 = 3*v + 4*g + 2, 0 = -v - 2*g - 4 - 0. Let p(u) = u. Let w(n) = n**2 - n + 8. Let q(x) = 5*p(x) - w(x). Determine q(v).
-8
Let g(b) be the second derivative of 3*b**2 + b - 2/3*b**3 + 0 - 1/12*b**4. Let q(x) = x**3 - 5*x**2 + 4*x - 6. Let r be q(4). What is g(r)?
-6
Let z(s) be the third derivative of -s**4/12 + s**3/2 + 24*s**2. Let t(n) = 1. Let u(k) = -2*t(k) + z(k). Give u(1).
-1
Let m(k) be the third derivative of k**5/60 - 5*k**4/24 + k**3/6 + k**2. Let t(y) = -y**3 - 15*y**2 + 20*y + 67. Let a be t(-16). What is m(a)?
-5
Let l = -112 - -114. Let x(i) = -3 + 6*i**3 + 4*i**l + 0*i**3 - 5*i**3 + 0*i**3. Determine x(-3).
6
Let c(s) = -14*s**2 + 18*s - 10. Let k(j) = -5*j**2 + 6*j - 3. Let x(y) = -4*c(y) + 11*k(y). Calculate x(4).
-1
Let j(i) be the second derivative of -i**5/20 - i**4/2 + 4*i**3/3 + 3*i**2 + 3*i - 62. Give j(-7).
-1
Let g be (-3)/(-13 + 248/20). Let w(r) = 6*r - 3*r - r**2 + 6 + 2*r. Determine w(g).
6
Let d(x) = -x**2 + 5*x - 2. Let g(f) = 1 + 446*f**2 + 4*f - 8*f - 445*f**2. Let p(w) = 3*d(w) + 4*g(w). Calculate p(2).
0
Let l(a) be the second derivative of a**4 - a**2/2 + a + 47. What is l(1)?
11
Let t(b) be the second derivative of 1/6*b**3 + 6*b + 0*b**2 + 0. What is t(6)?
6
Let h(q) = q + 9. Suppose -4*w = -5*t + 29 + 36, 5*w = 4*t - 52. Let f be h(t). Suppose -4 = 3*c - f. Let o(z) = -z + 1. Give o(c).
-5
Let k(u) = 11*u + 19. Let o(s) = -13*s - 21. Let p(d) = 6*k(d) + 5*o(d). Determine p(-5).
4
Let y(k) be the second derivative of 0 - 1/24*k**4 + k**3 + 3*k - 1/2*k**2. Let b(j) be the first derivative of y(j). Give b(6).
0
Let u(z) be the third derivative of -z**5/30 + 17*z**4/24 - 8*z**3/3 - 2*z**2 + 114. Calculate u(8).
-8
Let m = 21 + -9. Let r = -10 + m. Let i(g) = -4*g**2 - 2 + g**3 - 1 + 0 - 80*g + 83*g. Give i(r).
-5
Let s(h) = 2*h + 22 + 22 + 6*h - 51 + 10. Determine s(-2).
-13
Let x(m) = 6*m**2 + 1. Let r(g) = 29*g**2 - 6*g + 4. Let a(w) = r(w) - 5*x(w). Let b be 2*4/2*1. Suppose b*q + 15 = -13. Give a(q).
-8
Let y(o) = o - 2. Suppose 3*i + 4*h - 11 = 4*i, 0 = 3*h - 6. Give y(i).
-5
Let t be (-24)/60 + 438/(-30). Let r(m) = 2*m**2 + 30*m. What is r(t)?
0
Suppose -4*v + 0*v = 64. Let c = 20 + v. Let h(w) = -w**3 + 3*w**2 + 3*w + 1. Determine h(c).
-3
Let l(b) = -3*b**3 + 13*b**2 - 14*b + 8. Let q(n) = 4*n**3 - 13*n**2 + 14*n - 8. Let v(j) = -3*l(j) - 2*q(j). Determine v(12).
16
Let y(j) be the second derivative of -j**5/20 - 2*j**4/3 - 4*j**3/3 + 4*j**2 - j. Suppose 4*z = 9*s + 95, -224*s - 19 = -227*s - 5*z. Calculate y(s).
15
Let m(j) = j**3 - 11*j**2 + j + 3. Suppose -4*r + 187 = 13*r. Determine m(r).
14
Let p be 214/(-2) - -3 - 0/1. Let z = 103 + p. Let l(h) be the third derivative of -h**5/30 - h**4/12 - h**3/6 + h**2. What is l(z)?
-1
Let m(l) = l**2 + 5*l + 4*l**2 - 3*l**2 + l. Determine m(-4).
8
Suppose -4*a - 17 = -1. Let b(w) = -13*w - 8. Let o(s) = -17*s - 9. Let d(m) = -3*b(m) + 2*o(m). Calculate d(a).
-14
Suppose -h + 10 = 4*w - 7, 0 = h + 3. Let z(g) = -7 - 2 + g + 3 + w. Let o(n) = -n - 2. Let m be o(-6). Calculate z(m).
3
Let s(h) be the first derivative of h**4/4 - h**3 - h**2 + 4*h + 153. Calculate s(4).
12
Let y(w) = 9*w**2 - 9*w + 4. Let i(b) = 4*b**2 - b. Let a(p) = -2*i(p) + y(p). Let s = 14 + -8. What is a(s)?
-2
Let g(w) = w**2 + 2*w - 42. Suppose 0 = -b + 1, -f - 8*b = -13*b - 1. Determine g(f).
6
Let x = 12 - 11. Let h(o) = 9*o**2 - 6 - 2*o**2 + x - 18*o + 0*o**2. Let w(p) = -3*p**2 + 9*p + 3. Let v(d) = -4*h(d) - 9*w(d). Determine v(-6).
11
Let h(n) be the first derivative of 1 + 1/3*n**3 + 6*n - 4*n**2. Give h(5).
-9
Let n(b) be the first derivative of b**4/4 + b**3 - 5*b**2/2 + b + 91. Suppose 3*f - 11 = 5*o, 2*o + 2*o = 5*f - 1. Give n(o).
5
Let n = 15 - 12. Suppose -a - 3*i = 1, 0*i = 5*a + 2*i - 8. Let z(p) = 0*p**2 + p**2 + p**3 + a - 5*p**2 + 3*p - 1. What is z(n)?
1
Let h be 0 - (-12 - (3 + -6)). Let k = 9 - h. Let f(v) = 6*v**2 + k + 0*v**3 + 4 - v**3. Give f(6).
4
Let k be 75*1*10/15. Let v(n) = -44 - k + 3*n + 101 - 2*n. What is v(-7)?
0
Let q be (6/(-10))/(14/(-210)). Let g be ((-1)/(-3)*q)/1. Let j(a) = -5*a**g - 5*a**2 - 1 + 0*a**2 + 15*a**3 + 4*a - 11*a**3. What is j(-6)?
11
Suppose 2*r + 3*r - 20 = -2*c, 20 = 5*c + 5*r. Let m(y) = c*y - 98 + y + 88. Calculate m(0).
-10
Let b(x) be the third derivative of 0*x + 0 - 14*x**2 + 2/3*x**3 + 1/24*x**4. Calculate b(7).
11
Let i(m) = -5*m - 4. Let d(z) = 8*z + 4. Let v(g) = 3*d(g) + 4*i(g). Let q = -7 - -11. What is v(q)?
12
Let y(j) = -5 + 4*j - 8*j + j**2 - 2*j**2. Suppose -w - 6*w = 35. Give y(w).
-10
Let y(m) be the first derivative of -7/4*m**4 + 0*m**2 + 0*m**3 - m - 19. Give y(-1).
6
Let f(y) = y**3 + 7*y**2 - 10*y + 4. Let n = 429 - 437. What is f(n)?
20
Let t(o) = o**2 + 3*o + 5. Suppose -28 = 5*a - 2*y, -2*y = -4*a + 4 - 26. Calculate t(a).
23
Let r(k) be the third derivative of -k**5/60 + k**4/24 - k**3/6 + 2*k**2. Suppose -2 = -a - 0*a. Let c(d) = -d + 4. Let g be c(a). Determine r(g).
-3
Let u(w) be the first derivative of -23*w**2/2 - 5*w + 1. Let y(p) = 11*p + 2. Let f(n) = -6*u(n) - 13*y(n). Calculate f(3).
-11
Let c(s) be the third derivative of -s**6/120 + s**5/12 - s**4/24 - 93*s**2. What is c(5)?
-5
Let j(q) = -q**2 + 5*q + 4. Let f be j(3). Let v(d) = 57*d + 13 - 21*d - 10*d - 21*d + d**2 - 16*d. What is v(f)?
3
Let n be (-198)/(-90) + (0 - (-1)/(-5)). Let r(i) = 2*i**2 + 2*i + 1. Give r(n).
13
Let u(l) = 0 + 4 - l**2 - 3*l + 3*l + 4*l - 5. Let r 